{"id":287,"date":"2015-05-12T11:51:12","date_gmt":"2015-05-12T11:51:12","guid":{"rendered":"http:\/\/vereinigte-hilfen-stuttgart.de\/?page_id=287"},"modified":"2018-12-03T11:26:38","modified_gmt":"2018-12-03T10:26:38","slug":"erfahrungen","status":"publish","type":"page","link":"https:\/\/vereinigte-hilfen-stuttgart.de\/?page_id=287","title":{"rendered":"Erfahrungen"},"content":{"rendered":"<p><strong>Engel H.<\/strong><\/p>\n<p class=\"ueberschrift3\">Engel H. kennt als Mutter einer berufst\u00e4tigen Tochter mit Familie die N\u00f6te die berufst\u00e4tige Eltern haben. Sie sind gerne berufst\u00e4tig aber auch sehr gerne Familienmensch. Deshalb engagiert sie sich bei der Betreuung von Kindern. Sie holt die Kinder von der Kita oder von der Schule ab, bleibt mit ihnen bis ein Elternteil nach Hause kommt. Und wenn Not an \u201eFrau\u201c ist, also z.B. bei Krankheit, dann ist sie f\u00fcr die Kinder schon auch mal den ganzen Tag da.<\/p>\n<p class=\"ueberschrift3\"><strong>Engel im Haushalt<br \/>\n<\/strong>Nach dem Tod der Ehefrau suchte ein Vater von vier T\u00f6chtern und Gro\u00dfvater von zw\u00f6lf Enkeln eine Person, die ihn in seinem Einfamilienhaus betreuen wollte und konnte. Ein &#8222;Engel&#8220; stellte sich vor und war mit viel Engagement bereit, dem alten Herrn zu kochen und den Haushalt in Ordnung zu halten. Jetzt kann er zu jeder Zeit seine gro\u00dfe Familie in seine gewohnte Umgebung einladen und dadurch seine gro\u00dfe Trauer \u00fcberwinden.<\/p>\n<p class=\"ueberschrift3\"><strong>Engel weltweit<\/strong><\/p>\n<p>Eine alte Dame brauchte dringend jemanden, der ihr hilft und sie versorgt. Sie wandte sich an die Vereinigten Hilfen. Wie \u00fcblich f\u00fchrten diese ein ausf\u00fchrliches Beratungsgespr\u00e4ch mit ihr. Dabei erfuhren sie, dass sie eine japanische Adoptivtochter hat, die ihr sehr viel bedeutet. Die Vereinigten Hilfen verwandten diese Information auf ihre Art: Sie schickten ihr einen japanischen &#8222;Engel&#8220;. Yuriko ist dort gern gesehen und hilft, wo sie kann.<\/p>\n<p><strong>Engel europaweit<br \/>\n<\/strong>Der Nachlass eines Vereinsmitglied ging als besondere Spende nach Kroatien. Die Vereinigten Hilfen erbten eine komplette T\u00f6pferwerkstatt. Die brachte &#8222;Engel&#8220; Mladenka in ihre Heimatstadt Mimice, wo sie inzwischen aufgebaut wurde. Nun k\u00f6nnen Leute, die diesem sch\u00f6nen Kunstgewerbe nachgehen, modellieren und sich etwas dazu verdienen.<\/p>\n<p><strong>Ein Engel berichtet<br \/>\n<\/strong>Auf einmal war ich ein &#8222;Engel&#8220;! Das ging so schnell, dass ich gar nicht dazu kam, eigene \u00c4ngste zu n\u00e4hren. Ich ging zu Frau E., die ihre schweren Operationen noch nicht ganz \u00fcberstanden hatte, als ihr Lebensgef\u00e4hrte starb. Sie war v\u00f6llig am Ende. Wir kamen uns langsam n\u00e4her. Ich erkannte, wie versch\u00fcttet sie war, aber wir konnten miteinander reden.<\/p>\n<p>Als ich heraus h\u00f6rte, dass sie gerne Vortr\u00e4ge besucht, war ich fasziniert zu sehen, wie sie aus ihrer Stille herausstrebte. Sofort suchte ich alles Material zusammen, vom &#8222;Studium Generale&#8220;, \u00fcber den &#8222;Treffpunkt Senior&#8220; bis hin zu Interessenb\u00f6rsen und der Volkshochschule. Jetzt denke ich, dass ich ihr vielleicht ein bisschen zu viel zugemutet habe. Dennoch kam dadurch etwas Entscheidendes zum Vorschein: All ihre Ideen waren im Kopf und wollten dort auch schon wieder versacken. Sie hatte kein Zutrauen zu ihrem K\u00f6rper, da sie Gehst\u00fctzen benutzen musste.<br \/>\nVor den Aktivit\u00e4ten musste also ein \u00dcbungsprogramm geschaltet werden. Gehen \u00fcben, damit sich der K\u00f6rper stabilisiert, und Frau E. neues Selbstvertrauen gewinnt. Sp\u00e4ter, so hoffe ich, wird sie ihre eigenen Ideen verwirklichen.<\/p>\n<p>Als n\u00e4chstes befassten wir uns mit dem Thema Altersheim. Wir sind beide fast gleich alt, beide haben wir keine Verwandten in der N\u00e4he. Wir m\u00fcssen also beide f\u00fcr uns selbst sorgen und alles f\u00fcr uns bedenken. Ich fuhr mit ihr in zwei moderne Wohnanlagen, wo man als Mieter einziehen kann. So ist der Schrecken nicht allzu gro\u00df und man kann heute schon damit umgehen lernen. Frau E. war angetan und meldete sich bei einem der H\u00e4user an. Nachdem nun die Fr\u00fchlingssonne w\u00e4rmt, macht Frau E. ihre Geh\u00fcbungen. Die erste gro\u00dfe Aktion, die wir hinter uns haben, ist ein Kinobesuch. Es war herrlich.<\/p>\n","protected":false},"excerpt":{"rendered":"<p>Engel H. Engel H. kennt als Mutter einer berufst\u00e4tigen Tochter mit Familie die N\u00f6te die berufst\u00e4tige Eltern haben. Sie sind gerne berufst\u00e4tig aber auch sehr gerne Familienmensch. Deshalb engagiert sie sich bei der Betreuung von Kindern. Sie holt die Kinder von der Kita oder von der Schule ab, bleibt mit ihnen bis ein Elternteil nach &#8230; <a title=\"Erfahrungen\" class=\"read-more\" href=\"https:\/\/vereinigte-hilfen-stuttgart.de\/?page_id=287\" aria-label=\"Mehr Informationen \u00fcber Erfahrungen\">Weiterlesen<\/a><\/p>\n","protected":false},"author":1,"featured_media":0,"parent":0,"menu_order":4,"comment_status":"closed","ping_status":"closed","template":"","meta":{"footnotes":""},"class_list":["post-287","page","type-page","status-publish"],"_links":{"self":[{"href":"https:\/\/vereinigte-hilfen-stuttgart.de\/index.php?rest_route=\/wp\/v2\/pages\/287","targetHints":{"allow":["GET"]}}],"collection":[{"href":"https:\/\/vereinigte-hilfen-stuttgart.de\/index.php?rest_route=\/wp\/v2\/pages"}],"about":[{"href":"https:\/\/vereinigte-hilfen-stuttgart.de\/index.php?rest_route=\/wp\/v2\/types\/page"}],"author":[{"embeddable":true,"href":"https:\/\/vereinigte-hilfen-stuttgart.de\/index.php?rest_route=\/wp\/v2\/users\/1"}],"replies":[{"embeddable":true,"href":"https:\/\/vereinigte-hilfen-stuttgart.de\/index.php?rest_route=%2Fwp%2Fv2%2Fcomments&post=287"}],"version-history":[{"count":5,"href":"https:\/\/vereinigte-hilfen-stuttgart.de\/index.php?rest_route=\/wp\/v2\/pages\/287\/revisions"}],"predecessor-version":[{"id":709,"href":"https:\/\/vereinigte-hilfen-stuttgart.de\/index.php?rest_route=\/wp\/v2\/pages\/287\/revisions\/709"}],"wp:attachment":[{"href":"https:\/\/vereinigte-hilfen-stuttgart.de\/index.php?rest_route=%2Fwp%2Fv2%2Fmedia&parent=287"}],"curies":[{"name":"wp","href":"https:\/\/api.w.org\/{rel}","templated":true}]}}