{"id":30,"date":"2015-04-22T18:59:58","date_gmt":"2015-04-22T18:59:58","guid":{"rendered":"http:\/\/vereinigte-hilfen-stuttgart.de\/?page_id=30"},"modified":"2016-07-11T08:51:15","modified_gmt":"2016-07-11T06:51:15","slug":"der-vorstand","status":"publish","type":"page","link":"https:\/\/vereinigte-hilfen-stuttgart.de\/?page_id=30","title":{"rendered":"Vorstandsvorsitzende"},"content":{"rendered":"<p><a href=\"https:\/\/vereinigte-hilfen-stuttgart.de\/wp-content\/uploads\/2015\/05\/wagner.s2011.jpg\"><img loading=\"lazy\" decoding=\"async\" class=\"alignnone wp-image-161\" src=\"https:\/\/vereinigte-hilfen-stuttgart.de\/wp-content\/uploads\/2015\/05\/wagner.s2011-217x300.jpg\" alt=\"wagner.s2011\" width=\"184\" height=\"254\" srcset=\"https:\/\/vereinigte-hilfen-stuttgart.de\/wp-content\/uploads\/2015\/05\/wagner.s2011-217x300.jpg 217w, https:\/\/vereinigte-hilfen-stuttgart.de\/wp-content\/uploads\/2015\/05\/wagner.s2011.jpg 260w\" sizes=\"auto, (max-width: 184px) 100vw, 184px\" \/><\/a><\/p>\n<p>Ulrike Wagner, geborene G\u00f6hrum, 1. Vorsitzende der Vereinigten Hilfen, seit 22. April 2002<\/p>\n<p>&#8222;Es ist mir eine gro\u00dfe Freude, mich heute als Nachfolgerin meiner verehrten Mutter und Gr\u00fcnderin der Vereinigten Hilfen, Frau Hildegard G\u00f6hrum, vorstellen zu d\u00fcrfen. Ich wuchs in der Nachkriegszeit in eine Gro\u00dffamilie hinein und wurde von sportlich motivierten Eltern liebevoll erzogen. Mitmenschliches Wirken hat mich immer angezogen. Daraus resultierte mein Wunsch, zu heiraten und eine Familie zu gr\u00fcnden. Sp\u00e4ter setzte ich mich bereitwillig f\u00fcr alte und kranke Menschen ein und pflegte sie in meiner Familie.<\/p>\n<p>An der Seite eines sehr verst\u00e4ndnisvollen Ehemannes bin ich in der gl\u00fccklichen Lage, ein Ehrenamt aus\u00fcben zu k\u00f6nnen. Ich hoffe, meine Kraft auch mit der Hilfe unserer Ehrenpr\u00e4sidentin Frau G\u00f6hrum noch lange f\u00fcr unseren Verein einsetzen zu k\u00f6nnen. Besonders dankbar bin ich unseren wundervollen Mitarbeitern sowie den Vorstands- und Kuratoriumsmitgliedern. M\u00f6gen wir noch lange im Sinne der N\u00e4chstenliebe handeln und den Spa\u00df am gemeinsamen Wirken auf andere Menschen \u00fcbertragen k\u00f6nnen.<\/p>\n<p>Marie Freifrau von Ebner-Eschenbach<span style=\"color: #ff0000;\">*<\/span>\u00a0fasste meine Haltung in den Worten\u00a0\u00bb<strong><i>Wenn jeder dem anderen helfen wollte, w\u00e4re allen geholfen.<\/i><\/strong>\u00ab\u00a0vortrefflich zusammen. Lassen Sie uns dieses Zitat gemeinsam zum Leitmotiv f\u00fcr weitere gute Taten machen.&#8220;<\/p>\n<p><i>Ulrike Wagner<\/i><\/p>\n<p><span style=\"color: #ff0000;\">*<\/span>\u00a0Ebner-Eschenbach, Marie Freifrau von [geb. von Dubsky], 1830-1916, Erz\u00e4hlerin und Aphoristikerin<\/p>\n","protected":false},"excerpt":{"rendered":"<p>Ulrike Wagner, geborene G\u00f6hrum, 1. Vorsitzende der Vereinigten Hilfen, seit 22. April 2002 &#8222;Es ist mir eine gro\u00dfe Freude, mich heute als Nachfolgerin meiner verehrten Mutter und Gr\u00fcnderin der Vereinigten Hilfen, Frau Hildegard G\u00f6hrum, vorstellen zu d\u00fcrfen. Ich wuchs in der Nachkriegszeit in eine Gro\u00dffamilie hinein und wurde von sportlich motivierten Eltern liebevoll erzogen. Mitmenschliches &#8230; <a title=\"Vorstandsvorsitzende\" class=\"read-more\" href=\"https:\/\/vereinigte-hilfen-stuttgart.de\/?page_id=30\" aria-label=\"Mehr Informationen \u00fcber Vorstandsvorsitzende\">Weiterlesen<\/a><\/p>\n","protected":false},"author":1,"featured_media":0,"parent":76,"menu_order":4,"comment_status":"closed","ping_status":"closed","template":"","meta":{"footnotes":""},"class_list":["post-30","page","type-page","status-publish"],"_links":{"self":[{"href":"https:\/\/vereinigte-hilfen-stuttgart.de\/index.php?rest_route=\/wp\/v2\/pages\/30","targetHints":{"allow":["GET"]}}],"collection":[{"href":"https:\/\/vereinigte-hilfen-stuttgart.de\/index.php?rest_route=\/wp\/v2\/pages"}],"about":[{"href":"https:\/\/vereinigte-hilfen-stuttgart.de\/index.php?rest_route=\/wp\/v2\/types\/page"}],"author":[{"embeddable":true,"href":"https:\/\/vereinigte-hilfen-stuttgart.de\/index.php?rest_route=\/wp\/v2\/users\/1"}],"replies":[{"embeddable":true,"href":"https:\/\/vereinigte-hilfen-stuttgart.de\/index.php?rest_route=%2Fwp%2Fv2%2Fcomments&post=30"}],"version-history":[{"count":12,"href":"https:\/\/vereinigte-hilfen-stuttgart.de\/index.php?rest_route=\/wp\/v2\/pages\/30\/revisions"}],"predecessor-version":[{"id":529,"href":"https:\/\/vereinigte-hilfen-stuttgart.de\/index.php?rest_route=\/wp\/v2\/pages\/30\/revisions\/529"}],"up":[{"embeddable":true,"href":"https:\/\/vereinigte-hilfen-stuttgart.de\/index.php?rest_route=\/wp\/v2\/pages\/76"}],"wp:attachment":[{"href":"https:\/\/vereinigte-hilfen-stuttgart.de\/index.php?rest_route=%2Fwp%2Fv2%2Fmedia&parent=30"}],"curies":[{"name":"wp","href":"https:\/\/api.w.org\/{rel}","templated":true}]}}