{"id":33,"date":"2015-04-22T19:02:09","date_gmt":"2015-04-22T19:02:09","guid":{"rendered":"http:\/\/vereinigte-hilfen-stuttgart.de\/?page_id=33"},"modified":"2015-05-13T10:07:42","modified_gmt":"2015-05-13T10:07:42","slug":"die-ziele","status":"publish","type":"page","link":"https:\/\/vereinigte-hilfen-stuttgart.de\/?page_id=33","title":{"rendered":"Ziele"},"content":{"rendered":"<p class=\"ueberschrift3\">Helfen durch Handeln<\/p>\n<p class=\"standardtext\">Die Vereinigten Hilfen haben sich zum Ziel gesetzt, den Schwachen zur Seite zu stehen, unb\u00fcrokratisch, schnell und gezielt. Wir beraten ehrenamtlich bei sozialen Betreuungs- und Versorgungsfragen.<\/p>\n<p>W\u00e4hrend eines Hausbesuchs er\u00f6rtert ein ehrenamtlicher Helfer die pers\u00f6nliche und individuelle Situation des Ratsuchenden und legt Art, Umfang und den geeigneten &#8222;Engel&#8220; f\u00fcr diesen Einsatz fest. Nur wenn ein herzliches Miteinander entsteht, ist die Hilfe so um-fassend, wie sie gew\u00fcnscht wird. Wir h\u00f6ren zu, spenden Trost und bauen nahe Wege zu den Hilfsbed\u00fcrftigen auf.<\/p>\n<p>Vereinigte Hilfen bedeutet, dass wir bei Pflegef\u00e4llen den richtigen Rat wissen und in enger Zusammenarbeit mit den traditionellen Hilfsorganisationen f\u00fcr Sie da sind. F\u00fcr den Vermittlungsservice verlangt der Verein nichts, doch freut er sich, wenn die Menschen, denen geholfen wird, Mitglied werden oder etwas spenden.<\/p>\n<p>Wir bieten engagierten Menschen ein Bet\u00e4tigungsfeld, als Gesell-schafterin oder Gesellschafter f\u00fcr Gleichaltrige, als &#8222;ausleihbare&#8220; Oma oder Opa f\u00fcr Kinder berufst\u00e4tiger Eltern oder als St\u00fctze f\u00fcr Alleinerziehende. Wir f\u00f6rdern und entwickeln die Menschlichkeit im Umgang mit anderen. Es gilt die Vereinsamung von Menschen aufzuhalten.<\/p>\n<p>Vereinigte Hilfen hei\u00dft Rat von \u00c4rzten, Pflegern, Sozialarbeitern, von Juristen und anderen Fachkapazit\u00e4ten, aber auch von Seelsorgern, damit die Betreuung f\u00fcr Sie optimal organisiert werden kann.<\/p>\n","protected":false},"excerpt":{"rendered":"<p>Helfen durch Handeln Die Vereinigten Hilfen haben sich zum Ziel gesetzt, den Schwachen zur Seite zu stehen, unb\u00fcrokratisch, schnell und gezielt. Wir beraten ehrenamtlich bei sozialen Betreuungs- und Versorgungsfragen. W\u00e4hrend eines Hausbesuchs er\u00f6rtert ein ehrenamtlicher Helfer die pers\u00f6nliche und individuelle Situation des Ratsuchenden und legt Art, Umfang und den geeigneten &#8222;Engel&#8220; f\u00fcr diesen Einsatz fest. &#8230; <a title=\"Ziele\" class=\"read-more\" href=\"https:\/\/vereinigte-hilfen-stuttgart.de\/?page_id=33\" aria-label=\"Mehr Informationen \u00fcber Ziele\">Weiterlesen<\/a><\/p>\n","protected":false},"author":1,"featured_media":0,"parent":76,"menu_order":0,"comment_status":"closed","ping_status":"closed","template":"","meta":{"footnotes":""},"class_list":["post-33","page","type-page","status-publish"],"_links":{"self":[{"href":"https:\/\/vereinigte-hilfen-stuttgart.de\/index.php?rest_route=\/wp\/v2\/pages\/33","targetHints":{"allow":["GET"]}}],"collection":[{"href":"https:\/\/vereinigte-hilfen-stuttgart.de\/index.php?rest_route=\/wp\/v2\/pages"}],"about":[{"href":"https:\/\/vereinigte-hilfen-stuttgart.de\/index.php?rest_route=\/wp\/v2\/types\/page"}],"author":[{"embeddable":true,"href":"https:\/\/vereinigte-hilfen-stuttgart.de\/index.php?rest_route=\/wp\/v2\/users\/1"}],"replies":[{"embeddable":true,"href":"https:\/\/vereinigte-hilfen-stuttgart.de\/index.php?rest_route=%2Fwp%2Fv2%2Fcomments&post=33"}],"version-history":[{"count":3,"href":"https:\/\/vereinigte-hilfen-stuttgart.de\/index.php?rest_route=\/wp\/v2\/pages\/33\/revisions"}],"predecessor-version":[{"id":146,"href":"https:\/\/vereinigte-hilfen-stuttgart.de\/index.php?rest_route=\/wp\/v2\/pages\/33\/revisions\/146"}],"up":[{"embeddable":true,"href":"https:\/\/vereinigte-hilfen-stuttgart.de\/index.php?rest_route=\/wp\/v2\/pages\/76"}],"wp:attachment":[{"href":"https:\/\/vereinigte-hilfen-stuttgart.de\/index.php?rest_route=%2Fwp%2Fv2%2Fmedia&parent=33"}],"curies":[{"name":"wp","href":"https:\/\/api.w.org\/{rel}","templated":true}]}}