{"id":41,"date":"2015-04-22T19:17:19","date_gmt":"2015-04-22T19:17:19","guid":{"rendered":"http:\/\/vereinigte-hilfen-stuttgart.de\/?page_id=41"},"modified":"2024-10-25T09:46:42","modified_gmt":"2024-10-25T07:46:42","slug":"das-kuratorium","status":"publish","type":"page","link":"https:\/\/vereinigte-hilfen-stuttgart.de\/?page_id=41","title":{"rendered":"Kuratorium"},"content":{"rendered":"<hr \/>\n<p class=\"standardtext\">Neben der Mitgliederversammlung und dem Vorstand hat unser Verein gem\u00e4ss \u00a710 und \u00a713 unserer Satzung ein weiteres satzungsgem\u00e4\u00dfes Organ:\u00a0das Kuratorium.<br \/>\nDie Mitglieder des Kuratoriums werden vom Vorstand f\u00fcr drei Jahre berufen. Eine Wiederberufung ist zul\u00e4ssig. Der Vorstand beruft in das Kuratorium ausschlie\u00dflich Personen, die den Vereinszweck in hervorragender Weise f\u00f6rdern. Die Mitgliederversammlung hat ein Vorschlagsrecht zur Berufung weiterer Kuratoriumsmitglieder.\u00a0Das Kuratorium hat die Aufgabe, den Vorstand der Vereinigten Hilfen bei der Verwirklichung seiner Vereinsaufgaben zu beraten.<\/p>\n<p>Die Mitglieder des Kuratoriums:<\/p>\n<p><img decoding=\"async\" src=\"https:\/\/vereinigte-hilfen-stuttgart.de\/wp-content\/uploads\/2015\/04\/kuratorium_bisinger.jpg\" alt=\"kuratorium_bisinger\" \/><\/p>\n<p>Dipl.-Ing. Bernhard F. Bisinger<\/p>\n<hr \/>\n<p><a href=\"https:\/\/vereinigte-hilfen-stuttgart.de\/wp-content\/uploads\/2015\/04\/kuratorium_bisinger.jpg\"><img loading=\"lazy\" decoding=\"async\" class=\"\" src=\"https:\/\/www.hedwigundulrich.de\/wp-content\/uploads\/2021\/06\/Dr.-Norbert-Metke-768x1024.jpg\" width=\"105\" height=\"140\" \/><\/a><\/p>\n<p>Dr. med. Norbert Metke<\/p>\n<hr \/>\n<p><img loading=\"lazy\" decoding=\"async\" class=\"alignnone wp-image-260 size-full\" src=\"https:\/\/vereinigte-hilfen-stuttgart.de\/wp-content\/uploads\/2015\/04\/kuratorium_wurster.jpg\" alt=\"kuratorium_wurster\" width=\"100\" height=\"134\" \/><\/p>\n<p>Prof. Dr. med. G\u00f6tz Wurster<\/p>\n<hr \/>\n","protected":false},"excerpt":{"rendered":"<p>Neben der Mitgliederversammlung und dem Vorstand hat unser Verein gem\u00e4ss \u00a710 und \u00a713 unserer Satzung ein weiteres satzungsgem\u00e4\u00dfes Organ:\u00a0das Kuratorium. Die Mitglieder des Kuratoriums werden vom Vorstand f\u00fcr drei Jahre berufen. Eine Wiederberufung ist zul\u00e4ssig. Der Vorstand beruft in das Kuratorium ausschlie\u00dflich Personen, die den Vereinszweck in hervorragender Weise f\u00f6rdern. Die Mitgliederversammlung hat ein Vorschlagsrecht &#8230; <a title=\"Kuratorium\" class=\"read-more\" href=\"https:\/\/vereinigte-hilfen-stuttgart.de\/?page_id=41\" aria-label=\"Mehr Informationen \u00fcber Kuratorium\">Weiterlesen<\/a><\/p>\n","protected":false},"author":1,"featured_media":0,"parent":76,"menu_order":3,"comment_status":"closed","ping_status":"closed","template":"","meta":{"footnotes":""},"class_list":["post-41","page","type-page","status-publish"],"_links":{"self":[{"href":"https:\/\/vereinigte-hilfen-stuttgart.de\/index.php?rest_route=\/wp\/v2\/pages\/41","targetHints":{"allow":["GET"]}}],"collection":[{"href":"https:\/\/vereinigte-hilfen-stuttgart.de\/index.php?rest_route=\/wp\/v2\/pages"}],"about":[{"href":"https:\/\/vereinigte-hilfen-stuttgart.de\/index.php?rest_route=\/wp\/v2\/types\/page"}],"author":[{"embeddable":true,"href":"https:\/\/vereinigte-hilfen-stuttgart.de\/index.php?rest_route=\/wp\/v2\/users\/1"}],"replies":[{"embeddable":true,"href":"https:\/\/vereinigte-hilfen-stuttgart.de\/index.php?rest_route=%2Fwp%2Fv2%2Fcomments&post=41"}],"version-history":[{"count":29,"href":"https:\/\/vereinigte-hilfen-stuttgart.de\/index.php?rest_route=\/wp\/v2\/pages\/41\/revisions"}],"predecessor-version":[{"id":969,"href":"https:\/\/vereinigte-hilfen-stuttgart.de\/index.php?rest_route=\/wp\/v2\/pages\/41\/revisions\/969"}],"up":[{"embeddable":true,"href":"https:\/\/vereinigte-hilfen-stuttgart.de\/index.php?rest_route=\/wp\/v2\/pages\/76"}],"wp:attachment":[{"href":"https:\/\/vereinigte-hilfen-stuttgart.de\/index.php?rest_route=%2Fwp%2Fv2%2Fmedia&parent=41"}],"curies":[{"name":"wp","href":"https:\/\/api.w.org\/{rel}","templated":true}]}}

<hr />
<p class="standardtext">Neben der Mitgliederversammlung und dem Vorstand hat unser Verein gemäss §10 und §13 unserer Satzung ein weiteres satzungsgemäßes Organ: das Kuratorium.<br />
Die Mitglieder des Kuratoriums werden vom Vorstand für drei Jahre berufen. Eine Wiederberufung ist zulässig. Der Vorstand beruft in das Kuratorium ausschließlich Personen, die den Vereinszweck in hervorragender Weise fördern. Die Mitgliederversammlung hat ein Vorschlagsrecht zur Berufung weiterer Kuratoriumsmitglieder. Das Kuratorium hat die Aufgabe, den Vorstand der Vereinigten Hilfen bei der Verwirklichung seiner Vereinsaufgaben zu beraten.</p>
<p>Die Mitglieder des Kuratoriums:</p>
<p><img decoding="async" src="https://vereinigte-hilfen-stuttgart.de/wp-content/uploads/2015/04/kuratorium_bisinger.jpg" alt="kuratorium_bisinger" /></p>
<p>Dipl.-Ing. Bernhard F. Bisinger</p>
<hr />
<p><a href="https://vereinigte-hilfen-stuttgart.de/wp-content/uploads/2015/04/kuratorium_bisinger.jpg"><img loading="lazy" decoding="async" class="" src="https://www.hedwigundulrich.de/wp-content/uploads/2021/06/Dr.-Norbert-Metke-768x1024.jpg" width="105" height="140" /></a></p>
<p>Dr. med. Norbert Metke</p>
<hr />
<p><img loading="lazy" decoding="async" class="alignnone wp-image-260 size-full" src="https://vereinigte-hilfen-stuttgart.de/wp-content/uploads/2015/04/kuratorium_wurster.jpg" alt="kuratorium_wurster" width="100" height="134" /></p>
<p>Prof. Dr. med. Götz Wurster</p>
<hr />

<p>Neben der Mitgliederversammlung und dem Vorstand hat unser Verein gemäss §10 und §13 unserer Satzung ein weiteres satzungsgemäßes Organ: das Kuratorium. Die Mitglieder des Kuratoriums werden vom Vorstand für drei Jahre berufen. Eine Wiederberufung ist zulässig. Der Vorstand beruft in das Kuratorium ausschließlich Personen, die den Vereinszweck in hervorragender Weise fördern. Die Mitgliederversammlung hat ein Vorschlagsrecht &#8230; <a title="Kuratorium" class="read-more" href="https://vereinigte-hilfen-stuttgart.de/?page_id=41" aria-label="Mehr Informationen über Kuratorium">Weiterlesen</a></p>
